{"id":10,"date":"2018-03-27T17:23:51","date_gmt":"2018-03-27T17:23:51","guid":{"rendered":"https:\/\/radiomangabeirafm.com.br\/site\/?page_id=10"},"modified":"2025-10-06T13:57:35","modified_gmt":"2025-10-06T16:57:35","slug":"a-radio","status":"publish","type":"page","link":"https:\/\/radiomangabeirafm.com.br\/site\/a-radio\/","title":{"rendered":"A R\u00c1DIO"},"content":{"rendered":"\t\t<div data-elementor-type=\"wp-post\" data-elementor-id=\"10\" class=\"elementor elementor-10\" data-elementor-post-type=\"page\">\n\t\t\t\t\t\t<section class=\"elementor-section elementor-top-section elementor-element elementor-element-0186760 elementor-section-boxed elementor-section-height-default elementor-section-height-default\" data-id=\"0186760\" data-element_type=\"section\" data-e-type=\"section\">\n\t\t\t\t\t\t<div class=\"elementor-container elementor-column-gap-default\">\n\t\t\t\t\t<div class=\"elementor-column elementor-col-100 elementor-top-column elementor-element elementor-element-f9ebcfd\" data-id=\"f9ebcfd\" data-element_type=\"column\" data-e-type=\"column\">\n\t\t\t<div class=\"elementor-widget-wrap elementor-element-populated\">\n\t\t\t\t\t\t<div class=\"elementor-element elementor-element-697d415 elementor-widget elementor-widget-heading\" data-id=\"697d415\" data-element_type=\"widget\" data-e-type=\"widget\" data-widget_type=\"heading.default\">\n\t\t\t\t<div class=\"elementor-widget-container\">\n\t\t\t\t\t<h2 class=\"elementor-heading-title elementor-size-default\">A R\u00c1DIO MANGABEIRA FM 104,9<\/h2>\t\t\t\t<\/div>\n\t\t\t\t<\/div>\n\t\t\t\t\t<\/div>\n\t\t<\/div>\n\t\t\t\t\t<\/div>\n\t\t<\/section>\n\t\t\t\t<section class=\"elementor-section elementor-top-section elementor-element elementor-element-306cc51 elementor-section-boxed elementor-section-height-default elementor-section-height-default\" data-id=\"306cc51\" data-element_type=\"section\" data-e-type=\"section\">\n\t\t\t\t\t\t<div class=\"elementor-container elementor-column-gap-default\">\n\t\t\t\t\t<div class=\"elementor-column elementor-col-50 elementor-top-column elementor-element elementor-element-5cfb340\" data-id=\"5cfb340\" data-element_type=\"column\" data-e-type=\"column\">\n\t\t\t<div class=\"elementor-widget-wrap elementor-element-populated\">\n\t\t\t\t\t\t<div class=\"elementor-element elementor-element-a059e52 elementor-widget elementor-widget-image\" data-id=\"a059e52\" data-element_type=\"widget\" data-e-type=\"widget\" data-widget_type=\"image.default\">\n\t\t\t\t<div class=\"elementor-widget-container\">\n\t\t\t\t\t\t\t\t\t\t\t\t\t\t\t<img fetchpriority=\"high\" decoding=\"async\" width=\"800\" height=\"530\" src=\"https:\/\/radiomangabeirafm.com.br\/site\/wp-content\/uploads\/2018\/03\/Radio-Mangabeira-FM-1024x678.jpg\" class=\"attachment-large size-large wp-image-78\" alt=\"\" srcset=\"https:\/\/radiomangabeirafm.com.br\/site\/wp-content\/uploads\/2018\/03\/Radio-Mangabeira-FM-1024x678.jpg 1024w, https:\/\/radiomangabeirafm.com.br\/site\/wp-content\/uploads\/2018\/03\/Radio-Mangabeira-FM-300x199.jpg 300w, https:\/\/radiomangabeirafm.com.br\/site\/wp-content\/uploads\/2018\/03\/Radio-Mangabeira-FM-768x508.jpg 768w, https:\/\/radiomangabeirafm.com.br\/site\/wp-content\/uploads\/2018\/03\/Radio-Mangabeira-FM.jpg 1600w\" sizes=\"(max-width: 800px) 100vw, 800px\" \/>\t\t\t\t\t\t\t\t\t\t\t\t\t\t\t<\/div>\n\t\t\t\t<\/div>\n\t\t\t\t\t<\/div>\n\t\t<\/div>\n\t\t\t\t<div class=\"elementor-column elementor-col-50 elementor-top-column elementor-element elementor-element-204033f\" data-id=\"204033f\" data-element_type=\"column\" data-e-type=\"column\">\n\t\t\t<div class=\"elementor-widget-wrap elementor-element-populated\">\n\t\t\t\t\t\t<div class=\"elementor-element elementor-element-b145a68 elementor-widget elementor-widget-text-editor\" data-id=\"b145a68\" data-element_type=\"widget\" data-e-type=\"widget\" data-widget_type=\"text-editor.default\">\n\t\t\t\t<div class=\"elementor-widget-container\">\n\t\t\t\t\t\t\t\t\t<p>A r\u00e1dio mangabeira FM \u00e9 uma emissora comunit\u00e1ria , instalada no bairro de mangabeira na cidade de Jo\u00e3o Pessoa, capital da Para\u00edba \u201donde sol nasce primeiro no ponto mais oriental das am\u00e9ricas\u201d ,funcionado na frequ\u00eancia 87,9 FM ,fundada no ano 2009,entre no ar em 23 abril de 2016, com uma programa\u00e7\u00e3o voltada para o crescimento do bairro de mangabeira e adjac\u00eancias a r\u00e1dio comunit\u00e1ria mangabeira FM 87,9 atinge um p\u00fablico de mais de 400(quatrocentas) mil pessoas por estar localizada no bairro mais populoso da cidade e nos bairros ao seu entorno.<\/p><p><strong>Miss\u00e3o<\/strong><\/p><p>A r\u00e1dio comunit\u00e1ria mangabeira FM 87,9, tem por finalidade atender a comunidade de mangabeira e adjac\u00eancias com uma proposta de difundir e crescer a cultura local, educa\u00e7\u00e3o, religi\u00e3o, esporte, lazer, desenvolver em parceria com a comunidade e institui\u00e7\u00f5es projetos s\u00f3cias, propostas na \u00e1rea de tecnologia e comunica\u00e7\u00e3o a r\u00e1dio comunit\u00e1ria mangabeira FM 87,9 \u00e9 o principal meio de comunica\u00e7\u00e3o de massa e a aut\u00eantica voz da comunidade.<\/p>\t\t\t\t\t\t\t\t<\/div>\n\t\t\t\t<\/div>\n\t\t\t\t\t<\/div>\n\t\t<\/div>\n\t\t\t\t\t<\/div>\n\t\t<\/section>\n\t\t\t\t<\/div>\n\t\t","protected":false},"excerpt":{"rendered":"<p>A R\u00c1DIO MANGABEIRA FM 104,9 A r\u00e1dio mangabeira FM \u00e9 uma emissora comunit\u00e1ria , instalada no bairro de mangabeira na cidade de Jo\u00e3o Pessoa, capital da Para\u00edba \u201donde sol nasce primeiro no ponto mais oriental das am\u00e9ricas\u201d ,funcionado na frequ\u00eancia 87,9 FM ,fundada no ano 2009,entre no ar em 23 abril de 2016, com uma [&hellip;]<\/p>\n","protected":false},"author":1,"featured_media":0,"parent":0,"menu_order":0,"comment_status":"closed","ping_status":"closed","template":"","meta":{"footnotes":""},"class_list":["post-10","page","type-page","status-publish","hentry"],"_links":{"self":[{"href":"https:\/\/radiomangabeirafm.com.br\/site\/wp-json\/wp\/v2\/pages\/10","targetHints":{"allow":["GET"]}}],"collection":[{"href":"https:\/\/radiomangabeirafm.com.br\/site\/wp-json\/wp\/v2\/pages"}],"about":[{"href":"https:\/\/radiomangabeirafm.com.br\/site\/wp-json\/wp\/v2\/types\/page"}],"author":[{"embeddable":true,"href":"https:\/\/radiomangabeirafm.com.br\/site\/wp-json\/wp\/v2\/users\/1"}],"replies":[{"embeddable":true,"href":"https:\/\/radiomangabeirafm.com.br\/site\/wp-json\/wp\/v2\/comments?post=10"}],"version-history":[{"count":18,"href":"https:\/\/radiomangabeirafm.com.br\/site\/wp-json\/wp\/v2\/pages\/10\/revisions"}],"predecessor-version":[{"id":6493,"href":"https:\/\/radiomangabeirafm.com.br\/site\/wp-json\/wp\/v2\/pages\/10\/revisions\/6493"}],"wp:attachment":[{"href":"https:\/\/radiomangabeirafm.com.br\/site\/wp-json\/wp\/v2\/media?parent=10"}],"curies":[{"name":"wp","href":"https:\/\/api.w.org\/{rel}","templated":true}]}}

A RÁDIO

<div data-elementor-type="wp-post" data-elementor-id="10" class="elementor elementor-10" data-elementor-post-type="page">
						<section class="elementor-section elementor-top-section elementor-element elementor-element-0186760 elementor-section-boxed elementor-section-height-default elementor-section-height-default" data-id="0186760" data-element_type="section" data-e-type="section">
						<div class="elementor-container elementor-column-gap-default">
					<div class="elementor-column elementor-col-100 elementor-top-column elementor-element elementor-element-f9ebcfd" data-id="f9ebcfd" data-element_type="column" data-e-type="column">
			<div class="elementor-widget-wrap elementor-element-populated">
						<div class="elementor-element elementor-element-697d415 elementor-widget elementor-widget-heading" data-id="697d415" data-element_type="widget" data-e-type="widget" data-widget_type="heading.default">
				<div class="elementor-widget-container">
					<h2 class="elementor-heading-title elementor-size-default">A RÁDIO MANGABEIRA FM 104,9</h2>				</div>
				</div>
					</div>
		</div>
					</div>
		</section>
				<section class="elementor-section elementor-top-section elementor-element elementor-element-306cc51 elementor-section-boxed elementor-section-height-default elementor-section-height-default" data-id="306cc51" data-element_type="section" data-e-type="section">
						<div class="elementor-container elementor-column-gap-default">
					<div class="elementor-column elementor-col-50 elementor-top-column elementor-element elementor-element-5cfb340" data-id="5cfb340" data-element_type="column" data-e-type="column">
			<div class="elementor-widget-wrap elementor-element-populated">
						<div class="elementor-element elementor-element-a059e52 elementor-widget elementor-widget-image" data-id="a059e52" data-element_type="widget" data-e-type="widget" data-widget_type="image.default">
				<div class="elementor-widget-container">
															<img fetchpriority="high" decoding="async" width="800" height="530" src="https://radiomangabeirafm.com.br/site/wp-content/uploads/2018/03/Radio-Mangabeira-FM-1024x678.jpg" class="attachment-large size-large wp-image-78" alt="" srcset="https://radiomangabeirafm.com.br/site/wp-content/uploads/2018/03/Radio-Mangabeira-FM-1024x678.jpg 1024w, https://radiomangabeirafm.com.br/site/wp-content/uploads/2018/03/Radio-Mangabeira-FM-300x199.jpg 300w, https://radiomangabeirafm.com.br/site/wp-content/uploads/2018/03/Radio-Mangabeira-FM-768x508.jpg 768w, https://radiomangabeirafm.com.br/site/wp-content/uploads/2018/03/Radio-Mangabeira-FM.jpg 1600w" sizes="(max-width: 800px) 100vw, 800px" />															</div>
				</div>
					</div>
		</div>
				<div class="elementor-column elementor-col-50 elementor-top-column elementor-element elementor-element-204033f" data-id="204033f" data-element_type="column" data-e-type="column">
			<div class="elementor-widget-wrap elementor-element-populated">
						<div class="elementor-element elementor-element-b145a68 elementor-widget elementor-widget-text-editor" data-id="b145a68" data-element_type="widget" data-e-type="widget" data-widget_type="text-editor.default">
				<div class="elementor-widget-container">
									<p>A rádio mangabeira FM é uma emissora comunitária , instalada no bairro de mangabeira na cidade de João Pessoa, capital da Paraíba ”onde sol nasce primeiro no ponto mais oriental das américas” ,funcionado na frequência 87,9 FM ,fundada no ano 2009,entre no ar em 23 abril de 2016, com uma programação voltada para o crescimento do bairro de mangabeira e adjacências a rádio comunitária mangabeira FM 87,9 atinge um público de mais de 400(quatrocentas) mil pessoas por estar localizada no bairro mais populoso da cidade e nos bairros ao seu entorno.</p><p><strong>Missão</strong></p><p>A rádio comunitária mangabeira FM 87,9, tem por finalidade atender a comunidade de mangabeira e adjacências com uma proposta de difundir e crescer a cultura local, educação, religião, esporte, lazer, desenvolver em parceria com a comunidade e instituições projetos sócias, propostas na área de tecnologia e comunicação a rádio comunitária mangabeira FM 87,9 é o principal meio de comunicação de massa e a autêntica voz da comunidade.</p>								</div>
				</div>
					</div>
		</div>
					</div>
		</section>
				</div>

<p>A RÁDIO MANGABEIRA FM 104,9 A rádio mangabeira FM é uma emissora comunitária , instalada no bairro de mangabeira na cidade de João Pessoa, capital da Paraíba ”onde sol nasce primeiro no ponto mais oriental das américas” ,funcionado na frequência 87,9 FM ,fundada no ano 2009,entre no ar em 23 abril de 2016, com uma [&hellip;]</p>
